is divided by 15?
6
What is the remainder when 247 is divided by 83?
81
What is the remainder when 670 is divided by 6?
4
Calculate the remainder when 625 is divided by 152.
17
Calculate the remainder when 43816 is divided by 201.
199
Calculate the remainder when 586 is divided by 3.
1
What is the remainder when 63 is divided by 28?
7
What is the remainder when 1512 is divided by 17?
16
What is the remainder when 44 is divided by 28?
16
What is the remainder when 490 is divided by 12?
10
What is the remainder when 696 is divided by 54?
48
What is the remainder when 503 is divided by 14?
13
What is the remainder when 612 is divided by 49?
24
Calculate the remainder when 209 is divided by 6.
5
What is the remainder when 289 is divided by 51?
34
What is the remainder when 726 is divided by 256?
214
What is the remainder when 307 is divided by 78?
73
What is the remainder when 7951 is divided by 68?
63
What is the remainder when 166 is divided by 10?
6
What is the remainder when 2932 is divided by 21?
13
What is the remainder when 3700 is divided by 310?
290
Calculate the remainder when 1038 is divided by 111.
39
Calculate the remainder when 1890 is divided by 82.
4
What is the remainder when 20 is divided by 15?
5
Calculate the remainder when 100 is divided by 18.
10
What is the remainder when 327 is divided by 31?
17
What is the remainder when 4882 is divided by 14?
10
What is the remainder when 414 is divided by 10?
4
Calculate the remainder when 179 is divided by 42.
11
Calculate the remainder when 374 is divided by 184.
6
What is the remainder when 1240 is divided by 113?
110
Calculate the remainder when 1954 is divided by 115.
114
What is the remainder when 784 is divided by 207?
163
What is the remainder when 80 is divided by 29?
22
Calculate the remainder when 89 is divided by 86.
3
What is the remainder when 785 is divided by 38?
25
What is the remainder when 95 is divided by 9?
5
What is the remainder when 782 is divided by 24?
14
Calculate the remainder when 164 is divided by 7.
3
What is the remainder when 3394 is divided by 113?
4
Calculate the remainder when 290 is divided by 27.
20
Calculate the remainder when 95 is divided by 20.
15
What is the remainder when 823 is divided by 11?
9
Calculate the remainder when 3881 is divided by 1936.
9
What is the remainder when 1929 is divided by 640?
9
Calculate the remainder when 4943 is divided by 48.
47
What is the remainder when 266 is divided by 55?
46
Calculate the remainder when 7576 is divided by 361.
356
Calculate the remainder when 339 is divided by 168.
3
Calculate the remainder when 424 is divided by 206.
12
Calculate the remainder when 421 is divided by 133.
22
Calculate the remainder when 366 is divided by 75.
66
Calculate the remainder when 401 is divided by 129.
14
What is the remainder when 318 is divided by 313?
5
What is the remainder when 326 is divided by 33?
29
Calculate the remainder when 110 is divided by 52.
6
What is the remainder when 277 is divided by 14?
11
Calculate the remainder when 17 is divided by 9.
8
What is the remainder when 71 is divided by 8?
7
Calculate the remainder when 471 is divided by 43.
41
Calculate the remainder when 2013 is divided by 412.
365
What is the remainder when 541 is divided by 27?
1
Calculate the remainder when 145 is divided by 39.
28
What is the remainder when 158 is divided by 6?
2
Calculate the remainder when 458 is divided by 27.
26
What is the remainder when 947 is divided by 233?
15
What is the remainder when 272 is divided by 150?
122
Calculate the remainder when 6687 is divided by 11.
10
Calculate the remainder when 707 is divided by 12.
11
What is the remainder when 2246 is divided by 125?
121
What is the remainder when 11839 is divided by 191?
188
What is the remainder when 476 is divided by 110?
36
Calculate the remainder when 2120 is divided by 14.
6
What is the remainder when 21 is divided by 19?
2
Calculate the remainder when 61 is divided by 11.
6
What is the remainder when 71 is divided by 3?
2
Calculate the remainder when 166 is divided by 96.
70
Calculate the remainder when 1105 is divided by 7.
6
Calculate the remainder when 223 is divided by 9.
7
What is the remainder when 90 is divided by 36?
18
What is the remainder when 1259 is divided by 105?
104
Calculate the remainder when 146 is divided by 50.
46
What is the remainder when 11882 is divided by 233?
232
Calculate the remainder when 234 is divided by 67.
33
What is the remainder when 505 is divided by 85?
80
Calculate the remainder when 144 is divided by 56.
32
What is the remainder when 1415 is divided by 12?
11
Calculate the remainder when 828 is divided by 316.
196
What is the remainder when 406 is divided by 404?
2
What is the remainder when 242 is divided by 11?
0
What is the remainder when 435 is divided by 24?
3
What is the remainder when 107 is divided by 3?
2
Calculate the remainder when 1274 is divided by 7.
0
What is the remainder when 991 is divided by 71?
68
What is the remainder when 456 is divided by 77?
71
What is the remainder when 167 is divided by 17?
14
Calculate the remainder when 1905 is divided by 68.
1
What is the remainder when 627 is divided by 126?
123
Calculate the remainder when 823 is divided by 11.
9
What is the remainder when 469 is divided by 155?
4
Calculate the remainder when 707 is divided by 71.
68
What is the remainder when 1099 is divided by 44?
43
Calculate the remainder when 1293 is divided by 24.
21
Calculate the remainder when 1128 is divided by 127.
112
Calculate the remainder when 217 is divided by 37.
32
What is the remainder when 565 is divided by 31?
7
Calculate the remainder when 3630 is divided by 47.
11
What is the remainder when 646 is divided by 214?
4
What is the remainder when 507 is divided by 244?
19
Calculate the remainder when 1924 is divided by 955.
14
Calculate the remainder when 400 is divided by 71.
45
What is the remainder when 241 is divided by 31?
24
Calculate the remainder when 516 is divided by 11.
10
Calculate the remainder when 26 is divided by 17.
9
What is the remainder when 2676 is divided by 57?
54
What is the remainder when 1482 is divided by 14?
12
Calculate the remainder when 2282 is divided by 16.
10
Calculate the remainder when 12731 is divided by 36.
23
What is the remainder when 1034 is divided by 1029?
5
What is the remainder when 793 is divided by 7?
2
Calculate the remainder when 28930 is divided by 12.
10
Calculate the remainder when 219 is divided by 70.
9
What is the remainder when 77 is divided by 9?
5
Calculate the remainder when 1112 is divided by 403.
306
What is the remainder when 4683 is divided by 142?
139
What is the remainder when 6228 is divided by 67?
64
What is the remainder when 4990 is divided by 78?
76
Calculate the remainder when 270 is divided by 82.
24
What is the remainder when 829 is divided by 57?
31
Calculate the remainder when 5329 is divided by 29.
22
What is the remainder when 1362 is divided by 300?
162
Calculate the remainder when 5963 is divided by 24.
11
What is the remainder when 208 is divided by 21?
19
What is the remainder when 78 is divided by 27?
24
What is the remainder when 1193 is divided by 26?
23
What is the remainder when 1086 is divided by 64?
62
What is the remainder when 541 is divided by 68?
65
Calculate the remainder when 393 is divided by 72.
33
Calculate the remainder when 3326 is divided by 64.
62
Calculate the remainder when 10539 is divided by 20.
19
Calculate the remainder when 1896 is divided by 146.
144
Calculate the remainder when 1541 is divided by 171.
2
Calculate the remainder when 179 is divided by 91.
88
What is the remainder when 106 is divided by 11?
7
Calculate the remainder when 1146 is divided by 48.
42
What is the remainder when 169 is divided by 75?
19
Calculate the remainder when 304 is divided by 6.
4
Calculate the remainder when 176 is divided by 45.
41
Calculate the remainder when 294 is divided by 47.
12
Calculate the remainder when 1179 is divided by 20.
19
What is the remainder when 1829 is divided by 3?
2
What is the remainder when 145 is divided by 85?
60
What is the remainder when 2364 is divided by 169?
167
Calculate the remainder when 6046 is divided by 27.
25
What is the remainder when 105 i